ivided by 16.
14
Let y = -319 - -321. Suppose -y*u = u - 21. Calculate the remainder when 151 is divided by u.
4
Let f = 562 - 525. Calculate the remainder when 98 is divided by f.
24
Calculate the remainder when ((-40)/50)/(52/(-9035)) is divided by 74.
65
Suppose 0 = 7*i + 22 - 169. Suppose 3*a = -3*n + 8*n + i, -4*n - 21 = -3*a. Suppose 7*t - 4 = 430. Calculate the remainder when t is divided by a.
6
Suppose -4*z = 244 - 256. What is the remainder when 78 is divided by 16/(-12) + 232/z?
2
Let d(i) = -31*i + 14. Let j be d(4). Let u = 146 + j. What is the remainder when u is divided by 20?
16
Suppose -4*j = 4*v - 36 - 40, 2 = j. Let a = -12 - -18. Suppose a*k = 363 + 33. What is the remainder when k is divided by v?
15
Suppose z - 4*u - 30 = 77, 5*z - 685 = -5*u. What is the remainder when 1027 is divided by z?
110
Let w = -153 - -171. Suppose 2*c - w = -2*b, 4*c = -5*b + 32 + 15. Calculate the remainder when 18 is divided by b.
7
Let c(o) = 5*o**2 - 10*o + 5. What is the remainder when 311 is divided by c(4)?
41
Calculate the remainder when 957 is divided by ((-252)/(-45) + -5)*40.
21
Suppose -35*u + 30*u = -1975. Suppose 0 = 4*a + a - u. Suppose 38 - 18 = w. What is the remainder when a is divided by w?
19
Let j = -9 + 21. Suppose n - 5 - j = 0. Let h = 2 + n. Calculate the remainder when 72 is divided by h.
15
Let g(j) = j**3 - 21*j**2 + 2*j - 40. Let k be g(21). Calculate the remainder when (0 - (-3 + k)) + 15 + 78 is divided by 8.
6
Suppose -4*z + 140 = z. Suppose -f - 100 = -b, 5*b - 259 = -5*f + 251. Let d = -46 + b. What is the remainder when d is divided by z?
27
Let d = -1556 - -1581. Suppose -3*x + 470 = 2*x. Calculate the remainder when x is divided by d.
19
Let v(d) = 2*d**2 + 6*d - 4. Let n be v(-3). Let w be (-11)/n - (-1 + 12/16). Let k(i) = 19*i + 10. What is the remainder when k(w) is divided by 14?
11
Let q be (-32)/(-4) + -3 - -252. Suppose -r - c + q = 4*r, 2*c + 47 = r. What is the remainder when 661 is divided by r?
49
Let b(c) = -6*c + 40. Let h be b(-8). Suppose -2*q + 4*u + 22 + h = 0, -4*q = u - 265. Calculate the remainder when q is divided by 22.
21
Suppose -3*h - 3*p = -272 - 1288, 4*h - p = 2095. Calculate the remainder when h is divided by 175.
173
Suppose 2*m - 192 = -5*f, f + 2*m - m - 39 = 0. Calculate the remainder when f is divided by (-2)/(2*(-9)/126).
10
Let b(g) = 40*g**2 + 43*g + 6. Let q be (-2)/2 - 0 - -22. Let w = q + -15. Calculate the remainder when w is divided by b(-1).
0
Suppose -4*u + 673 = -s, 4*s = -s - 25. Let w(k) = 12*k + 7. What is the remainder when u is divided by w(1)?
15
Suppose -19*b + 92*b = -80*b + 120411. Calculate the remainder when b is divided by 88.
83
Suppose -355 = -4*v + 321. What is the remainder when v is divided by (20/(-3))/((-56)/84)?
9
Let y = 4486 + -4305. What is the remainder when 717 is divided by y?
174
Suppose 41*r + 47*r - 3750 = 13*r. Calculate the remainder when 5048 is divided by r.
48
Let b(f) = -12*f + 1. Calculate the remainder when (22/(0 - 20/8))/(148/50 + -3) is divided by b(-1).
12
Suppose 2*g - 112 = 2*y, -4*y - 123 = -3*g + 47. Suppose -s + 4*s = g. Calculate the remainder when 33 is divided by s.
15
Suppose -5*l - j + 963 = 0, -2*j - 1087 + 311 = -4*l. What is the remainder when l is divided by 20?
13
Suppose -3*u + 8*u = l - 396, 3*u + 15 = 0. Suppose -3*t + 4*o + 287 = 0, -4*t + 8*t - l = 3*o. What is the remainder when t is divided by 23?
20
Let w = -108 + 111. Suppose -w*g + 148 = g. Suppose 2*t + 3*l = 50, t = -5*l + 59 - 20. Calculate the remainder when g is divided by t.
18
Let h(d) = -74*d - 123. Let a be h(-11). Let o = a - 671. Let u = 3 - -53. Calculate the remainder when u is divided by o.
16
Suppose -j - 186 = -32*j. Suppose -3*y - 3*u = -396, 0*y - 3*u - 289 = -2*y. What is the remainder when y is divided by j?
5
Let q = 58 - 38. Let j = 610 - 337. Let h = j + -265. What is the remainder when q is divided by h?
4
Suppose x - m - 258 = 0, 5*m - 766 = 331*x - 334*x. Calculate the remainder when 268 is divided by x.
11
Suppose 61*z = 8*z - 1036 + 21706. Calculate the remainder when z is divided by 29.
13
Calculate the remainder when (-2)/29 + ((-23502)/(-174) - 19) is divided by 42.
32
Let c = -305 + 305. Suppose c*a = -5*a + 130. What is the remainder when a is divided by 13?
0
Suppose -z = 2*b - 126, -3*b + 2*z = -209 + 34. Calculate the remainder when 295 is divided by b.
51
Let r = -501 - -338. Let s = 192 + r. Let l = 31 + -15. What is the remainder when s is divided by l?
13
Suppose -4*i + 223 = 3*x, i - 5*x = -10*x + 60. Suppose 0 = -5*h + 5*m + i, -3*h - 2*m + 41 = 8. Calculate the remainder when h is divided by 1/(-2)*(-1 - 11).
5
Let y(d) = -d**3 - 10*d**2 - 44*d - 144. What is the remainder when 132 is divided by y(-7)?
13
Suppose -13706 = 8*d + 6*d. Let b = -908 - d. Calculate the remainder when b is divided by 11.
5
Suppose -62*s + 13989 = 228*s - 6601. Let h = 18 - -6. What is the remainder when s is divided by h?
23
Let q(t) = 2*t**3 - 2*t**2 - t - 12. Let b be 42*2103/(-24)*4. What is the remainder when q(5) is divided by 2/19 + b/(-399)?
35
Let s = 6 - -30. Let c(f) = -f**3 - 8*f**2 + 21*f - 1. Let p be c(-10). Let o = p + 24. Calculate the remainder when s is divided by o.
10
Suppose -b + 64 = 3*s, 2*s = 2*b + 4*s - 116. Let p be (-4)/24 + (-1677)/(-18) + 2. Suppose p = 3*j + 2*j. What is the remainder when b is divided by j?
17
Let n be (27/2)/(1/2). Suppose 3*d + 5 = -4, 5*d - n = -3*u. Let o = 18973 + -18932. What is the remainder when o is divided by u?
13
Suppose 5*q + 576 = 2*p + 3*q, 5*q = -15. Suppose 0 = 3*z - 3*o - 30, 3*z - 3*o - 16 = 2*z. What is the remainder when p is divided by z?
5
Let l(q) = -14*q**3 + 7*q**2 + 4*q - 6. Suppose 0 = -12*s + 24*s + 36. What is the remainder when l(s) is divided by 61?
57
Let b(t) = 51*t - 4. Let q be b(5). Suppose -43 = 8*u - q. Let x = u - 14. Calculate the remainder when 95 is divided by x.
11
Calculate the remainder when (3 - 18)/(4/1328*-4) is divided by 209.
200
Let n(s) = -s**3 - 14*s**2 - 40*s + 1. What is the remainder when 620 is divided by n(-11)?
74
Let n(l) be the second derivative of -l**4/12 - 2*l**3/3 - 3*l**2 - 28*l. Let m be n(-8). Let y = m - -53. What is the remainder when 58 is divided by y?
13
Suppose 20*n + 11*n - 9660 = -15*n. What is the remainder when n is divided by 86?
38
Suppose 5*f = -2*m + 817, 318 = -4*f + 6*f + 3*m. Let o(t) = -t**3 + 28*t**2 - 188*t + 51. What is the remainder when f is divided by o(17)?
29
Let u(d) = -11*d**2 - 5 - 8 + 26*d**2 - 14*d**2. What is the remainder when 9 is divided by u(4)?
0
Let t(c) = 6*c + 69. Let z be t(21). Suppose -15*h + z = -45. What is the remainder when (-1)/(2 + (-190)/94) is divided by h?
15
Let f(p) = p**2 + 261*p - 4381. Calculate the remainder when 13360 is divided by f(16).
49
Let x = 13 + -8. Let b(f) = -f**3 + 4*f**2 - 2*f + 10. Let t be b(4). What is the remainder when (7/t)/((-17)/(-34)) is divided by x?
2
Suppose 23*t = 21*t + 36. Let j be (-520)/(-6) - 1/(-3). Suppose 5*h + 8*i - 4*i - 177 = 0, 3*h - 4*i = j. What is the remainder when h is divided by t?
15
Calculate the remainder when (-6 - (-272)/51)*(-5)/(5/12621) is divided by 36.
26
Let x = 8 - 6. Suppose 0 = 3*o + 4*f - 19, 3*o + x*o + 2*f = 41. Let j(w) = 100*w + 922. What is the remainder when j(-9) is divided by o?
4
Suppose -21*g - 4133 = -273*g + 1159. What is the remainder when 12557 is divided by g?
20
Let b(w) = 2*w**2 + 357*w - 7133. Calculate the remainder when b(20) is divided by 258.
33
What is the remainder when 245 is divided by (428 - 446)*26/(-4)?
11
Suppose 0 = 3*p - p. Suppose 5*n - 42 + 2 = p. Let q = -1821 + 1824. Calculate the remainder when n is divided by q.
2
Let v(s) = -s**3 - 13*s**2 + 459*s - 65. Calculate the remainder when 1916 is divided by v(-29).
76
What is the remainder when 8773 is divided by (172692/2460)/(2/10)?
349
Let z = 31246 - 31116. What is the remainder when z is divided by 99?
31
Suppose 0 = -5*m + 285 - 35. Suppose 63*u = -10384 + 12211. Calculate the remainder when m is divided by u.
21
Calculate the remainder when ((4/(-5))/2)/(((-49)/(-11235))/(-7)) is divided by 34.
30
Suppose 8393 = -11*p + 79*p - 5615. What is the remainder when p is divided by 19?
16
Let p(d) = 3*d**2 - 2*d 